 - 2. Let n(a) = 28*a - 36. Let s(f) = -10*f + 12. Let h(c) = 3*n(c) + 8*s(c). Let t be h(4). Give g(t).
-10
Let m(s) be the third derivative of -7/6*s**3 + 1/60*s**5 + 7/24*s**4 + 0 - 3*s**2 - 8*s. Determine m(-8).
1
Let x = -128 + 132. Suppose x*p + 3*p = -28. Let i(u) = -5 - 3*u + u + u. Determine i(p).
-1
Let f(v) = -v**3 + 16*v**2 - 14*v - 27. Let l be (-15)/(-2)*(-4)/18*-9. Calculate f(l).
-12
Suppose 17*m + 9 = 77. Let i(d) = 3 + 73*d + 2*d**2 + 3 - 72*d - m. Determine i(2).
12
Let h(n) = 27*n + 132. Let g(c) = -5*c - 25. Let b(l) = 11*g(l) + 2*h(l). Give b(-15).
4
Let m(s) = -375*s + 39. Let l(x) = 21*x - 1. Let j(w) = 18*l(w) + m(w). Calculate j(-6).
3
Suppose 3*s - 8 = -s. Let a = -111 + 127. Let b(o) = 9*o**2 - 2*o - a - 8*o**2 + 15. What is b(s)?
-1
Suppose 5*x = 3*y + 18, -4*y - 4 = -4*x + 4. Suppose 0 = t + 4*k - 18, -3*t + 6*t - 4*k + 10 = 0. Let v(b) = 3 - 1 - 5*b - b**2 + t + 12*b. What is v(x)?
10
Let n(c) = 14*c**2 + 31*c - 33. Let s(b) = -7*b**2 - 18*b + 18. Let i(o) = 3*n(o) + 5*s(o). Determine i(2).
25
Let h(b) = -b**3 - 114*b**2 + 133*b + 2071. Let f be h(-115). Let n(a) = 139*a**2 - 2. Give n(f).
137
Let l(k) = -k**3 - 101*k**2 + 112*k + 1002. Let m be l(-102). Let r(f) = f**2 + 17*f - 26. Calculate r(m).
-8
Let q(w) = 41*w + 42. Let d(y) = -183*y - 167. Let z(s) = -2*d(s) - 9*q(s). Calculate z(-16).
4
Let x(n) = n**2 - 2*n + 1. Let p(s) = -4*s**2 + 2*s. Let k(v) = -p(v) - 5*x(v). Determine k(9).
-14
Let a(k) = -k**3 - 5*k**2 - 3*k + 2. Let w(y) be the second derivative of -y**5/20 + y**4/12 + 5*y**3/3 + 2*y**2 + 44*y. Let c be w(4). What is a(c)?
-2
Let k(b) be the first derivative of -b**3/3 + b**2 - 3*b + 9. Let w be (2/4)/(242/24 + 330/(-33)). Calculate k(w).
-27
Let q = 17113 - 17107. Let u = 1 + -1. Suppose d + u*d = q*d. Let j(x) = x**3 - x + 18. Calculate j(d).
18
Let o(v) = 3*v + 24. Let q be o(39). Let c = q + -150. Let k(g) = g + 1. What is k(c)?
-8
Let a(k) = k**2 + 5*k + 5. Let f be (21/(378/45))/((-1)/2). What is a(f)?
5
Let h(j) = j**3 + 4*j**2 - 11*j + 3. Let d(p) = -7*p + 233. Let c be d(33). Suppose -7*l + 3*l - 4 = -5*z, -c*z = 4*l + 32. Give h(l).
-3
Let h(g) = -g**2 + 26*g - 47. Let b be h(2). Let v(f) = 50*f**3 + f**2 - 2*f + 1. Calculate v(b).
50
Let l(b) = b**3 + b**2 - b + 1. Let d(a) = 4*a**3 + a**2 - 7*a + 5. Let j(v) = d(v) - 3*l(v). Suppose -p = -3*u - 12, -79*p + 77*p - u = -3. Determine j(p).
-1
Let j(q) = -q**2 - q + 5. Suppose 9*p + p - 20 = 0. Suppose -24 = 5*g + 6*z - p*z, -1 = z. Calculate j(g).
-7
Suppose p + 8 = 5*p. Let a(k) = -6 - 10*k - 5*k**p - 4*k**2 + 8*k**2. Let n = -152 + 147. Give a(n).
19
Let w be 4/12 - (-2)/3. Let f(m) = 197355 + 3*m - 197355. Calculate f(w).
3
Let z(k) = 3*k + 15. Let a(n) = 11*n + 56. Let f(u) = -a(u) + 5*z(u). Determine f(-7).
-9
Let x(n) = n**2 + 19*n + 27. Let w = -1825 + 1808. What is x(w)?
-7
Let j(x) = x - 7. Suppose -2*a - 1007 + 147 = -2*t, 2*a = -2*t + 848. Let m = t + -432. Calculate j(m).
-12
Suppose 5*i - u = -21, 1323*i - 1324*i = -u + 5. Let y(h) = h**3 + 7*h**2 + 13*h - 2. Determine y(i).
-6
Suppose -103*j - 174 = 71*j. Let l(r) = 30*r**3 + 2*r**2 + 3*r + 1. What is l(j)?
-30
Let h = -713 - -704. Let y(a) = a**3 + 7*a**2 - 17*a + 3. Give y(h).
-6
Let n(a) be the first derivative of -3/2*a**2 - 1/3*a**3 + 40 + 5*a. Determine n(2).
-5
Let s(x) = 11*x - 5 - 16*x + 10*x - 4*x**2 + x**3. Suppose 2*z = -2*z + 43*z - 117. Calculate s(z).
1
Let l = -3473 - -3464. Let n(x) = 12*x + 18. Let g(f) = f**2 - f - 1. Let m(d) = g(d) + n(d). Determine m(l).
-1
Suppose o + 10 = 6*o + 2*l, 2*o = -l + 5. Suppose -3*a + 5 = u, o*a + 6 = 5*u - 4*a. Suppose -14 = u*r - 6. Let v(p) = -p**2 - 6*p - 2. Give v(r).
6
Let l = 11813 - 11790. Let o(y) be the third derivative of 0*y + 0 + l*y**2 + 1/6*y**3 - 1/4*y**4. Give o(1).
-5
Let d(u) = u**3 + 2*u**2 + u. Let j(q) = -10*q + 40. Let a be j(3). Let n = a - 12. What is d(n)?
-2
Suppose 0 = -3*k - v, 888*k + 4*v = 886*k - 10. Let b(i) = 7 - 6 + 0*i - 5*i. What is b(k)?
-4
Let t = 420 - 60. Suppose 0 = t*w - 352*w - 72. Let g(y) = -y + 11. Calculate g(w).
2
Suppose y + j = -9 + 123, 3*j + 354 = 3*y. Let g(q) = y + q - q**2 - q**3 + 6*q - 115 - 6*q**2 + 2*q. Determine g(-8).
-7
Let k = 11 - 8. Let t(v) be the second derivative of v**5/120 - 5*v**4/24 - 7*v**3/6 + v**2 - 4*v + 13. Let u(x) be the second derivative of t(x). What is u(k)?
-2
Let y(c) be the second derivative of -7*c**2 + 2/3*c**3 + c + 2. Give y(10).
26
Let c(t) = -t**3 - t**2 + 32*t + 21. Let r be ((-68)/1496)/(3/432) - 6/(-11). Give c(r).
9
Let s(t) = -t**2 + t + 27. Let u be s(-5). Let f(h) be the third derivative of -h**4/12 - h**3/6 - 580*h**2. Calculate f(u).
5
Let h(y) be the third derivative of -18*y**2 + 0 + 0*y**3 - 1/24*y**4 + 0*y. What is h(-5)?
5
Let s(f) = f**3 + 9*f**2 - 12*f + 4. Let j(r) = r. Let w be (152/(-57))/((-2)/(-12)*4). Let z(b) = w*j(b) - s(b). What is z(-10)?
16
Let r(l) = -32*l + 2*l**2 + 54 + 176 - 155. What is r(13)?
-3
Let r(t) = -t**3 - 5*t**2 - 2*t + 5. Let c be r(-4). Let f = 117 - -335. Let p(u) = 451*u**3 + 3*u - 5*u**2 + 4 - f*u**3 - 5*u. What is p(c)?
-8
Let j(f) = -f - 61. Let u be j(-62). Let y(c) = 20*c - 16. Determine y(u).
4
Let r(m) = -3*m - 8. Suppose 12 = 2*c + 48*g - 45*g, 4*g = -3*c + 16. Suppose c = 4*x + 5*p - 8*p + 29, -2*x + 4*p = 22. What is r(x)?
7
Let p(a) = -27*a + 0 + a**2 - 6 + 33*a. Suppose -12 = h + 2*h. Let t be h - ((-9)/(-2) + -3)*2. Give p(t).
1
Let x(s) = -16*s - 4. Suppose -4*j = 3*b + 32, -b - 108*j = -107*j + 8. Give x(b).
-4
Let l(i) = 2*i**2 + 3*i - 2. Suppose 0 = -5*z - 2*h + 456, 2*z - 3*h = -2*z + 351. Suppose 88*m - z*m = -6. Calculate l(m).
25
Suppose 9 = -x + 11. Let p(f) = 3*f**x - 15*f - 3*f**3 - 13*f + 4*f**3 + 30*f. Suppose 0 = -3*s + 2*y, 4*y = -5*s - y - 25. Give p(s).
0
Let j(b) be the second derivative of -b**4/2 + b**3/6 - b**2/2 - 9*b + 9. Suppose -3*z = k - 11, -z - 2*z = -3*k - 3. Give j(k).
-23
Let q(g) be the third derivative of g**6/120 - 7*g**5/60 + g**4/4 + 4*g**3/3 + 3557*g**2. Let r be (-80)/(-14) - 2/(-7). Give q(r).
8
Let o(j) = 7*j - 1. Let p(s) = -15*s - 23. Let w(f) = 2*o(f) + p(f). What is w(0)?
-25
Let h(u) = u**2 + 15*u + 19. Let z be h(-14). Suppose z*x + 4 = 7*x. Let l(r) = 18 - 25 + 2*r + 3*r - r**3 - 3*r**x. Give l(-5).
18
Let i(l) = -l**2 + 5*l + 8. Let k = 5 - 0. Let y = -877 + 885. Suppose k*u = y*u - 21. What is i(u)?
-6
Let y(m) = 3*m**3 - 4*m**2 + m - 3*m - 117038 + 117040. What is y(-2)?
-34
Let v(a) = a**2 - a - 23. Let l = 19323 + -19335. What is v(l)?
133
Let a = -1644 - -1646. Suppose 0 = 5*h - 251 + 56. Let n(b) = -b + h - 45 + a*b. What is n(6)?
0
Suppose 2*w - 46 + 26 = -3*y, 0 = -4*y - 4*w + 24. Let z(l) = l**3 - 8*l**2 + 2*l - 9. Give z(y).
7
Let j = -633 + 633. Let f = -7 - -10. Let x(m) = 68*m + 3*m**f - 69*m + 6 - 4*m**3. What is x(j)?
6
Suppose -17*r - 20*r + 200873 = 0. Let l(k) = -5431 - 3*k**2 + k + r + k. Give l(2).
-10
Let f(q) = 2*q**2 + q - 2. Let m be f(6). Let b(s) = -1 + m*s**2 + 2*s - 58*s**2 - 40*s**2. Suppose -2*c = 2*c + l - 6, 2*c = 4*l - 6. Determine b(c).
-21
Let k(x) = -74*x - 139. Let a be k(6). Let i = a - -581. Let b(q) = -4*q. What is b(i)?
8
Let v(p) = -p**3 + 2*p**2. Let b(q) = -5*q - 9. Let z be b(-4). Let r(x) = 3*x + 0*x**2 - x**2 + z*x + 17. Let k be r(15). Determine v(k).
0
Suppose 4*i + i - 5 = 0. Let k(j) = -j**2 + 1. Let g(c) = 6 - 25 - c + 15 + 8*c**2 + 2. Let u(n) = i*g(n) + 3*k(n). Determine u(1).
5
Let l(p) = -16 + 96 - 44 + 4*p. Give l(-4).
20
Let x(r) = r**3 - 12*r**2 + 37*r - 12. Let f be x(7). Suppose -4*w = f*q - 10, 5*w - 30 = 2*q - 4. Let k(m) = -m**2 + 3*m - 3. Determine k(q).
-21
Suppose m - 7 = -5*d, m = 2*m - 3*d + 17. Let v(k) be the second derivative of -k**4/12 - k**3 + 2*k**2 + 25*k. What is v(m)?
-12
Let m(h) = h - 16. Let k be (3 + -5)*6/4 + -8 + 4. What is m(k)?
-23
Let j(b) be the first derivative of -b**6/360 - 3*b**5/40 + b**4/3 - 2*b**3/3 - 43. Let a(h) be the third derivative of j(h). What is a(-8)?
16
Let c be (-21 + 2)/(((-36)/582)/6). Let r(j) = c*j - 2 - 1847*j + 7 + j**2. What is r(6)?
17
Let z(v) = -v**2 + 9*v - 10. Let y be z(7). Let p(b) = 6 - 1 - 8*b - 7*b**2 + b**3 - y + 1. Let i(f) = -12*f**2 + 109*f - 1. Let h be i(9). What is p(h)?
2
Let d = -280 - -282.